 + 535*r + 4639. Let j be x(-9). Give a(j).
-3
Let o(u) = 35 - u**2 + 37 - 107 - 46 - 50*u - 21. Determine o(-48).
-6
Let m(t) = 2*t**2 + 8*t + 15. Let n(w) = 10*w**2 + 45*w + 76. Let r(p) = -11*m(p) + 2*n(p). What is r(0)?
-13
Let c(y) = -y**2 + 7*y - 24. Suppose 0 = -4*t + 24, -12*u + 50 = -8*u + 5*t. Determine c(u).
-14
Suppose -2*l + l - 95 = 0. Let q = 365 + -467. Let i = q - l. Let w(y) = -y**2 - 6*y + 6. What is w(i)?
-1
Let o(b) = 272*b + 7070. Let r be o(-26). Let x(n) = 1 - 4*n - 7*n - n. Determine x(r).
25
Let k = -384 + 386. Let a(v) = -7*v**2 + 2*v + 11 - 10*v**3 + 13*v**3 - 4*v**3 - 4*v**k. What is a(-11)?
-11
Let g(w) = -33*w**3 + 2*w**2 + w - 5. Let n(a) = 72*a**3 - 4*a**2 - 4*a + 9. Let t(u) = -13*g(u) - 6*n(u). Give t(-3).
41
Let u(t) = -t**2 + 21*t - 54. Let f(g) = 11*g**2 - 231*g + 592. Let v(n) = 2*f(n) + 23*u(n). Calculate v(3).
-4
Suppose -a - 203 + 576 = 0. Let o = a + -379. Let q(p) = 3*p + 5. Calculate q(o).
-13
Suppose 0 = 16*n + 38 + 420 - 90. Let l(v) = v**2 + 52*v + 657. Give l(n).
-10
Suppose -16*z = -15*z - 547. Let u = z - 562. Let s(w) = -w - 19. What is s(u)?
-4
Let y be (-24)/(-18)*(5/10 - -1). Suppose -6*a + y*a - 9*a = 0. Let h(p) = -2*p**2 - 3*p**2 + 4*p**2 + 6 - p. Determine h(a).
6
Let u = 19616 - 19616. Let m(f) = -f**2 - f. Let i(p) = p**3 + 5*p**2 + 5*p - 8. Let r(z) = -i(z) - 4*m(z). Give r(u).
8
Let k(q) = -13*q**2 - 5*q + 6. Let o(a) = 13*a**2 + 2*a - 1. Let b(f) = -40*f**2 - 5*f + 1. Let w(y) = 2*b(y) + 7*o(y). Let n(r) = 5*k(r) + 6*w(r). Give n(1).
0
Suppose -4 = -4*s + 2*g, 0*g + 9 = 3*s - 3*g. Let q be 4/(-8) + 22/(-4) + s. Let p(c) = -c**2 - 10*c - 9. Give p(q).
12
Let l(w) = w - 2. Let f be (2/4)/(1/2). Suppose -5*j + 5*r = 20, 5*r = -84*j + 81*j + 4. Let x be j + -2 - (-4 - f). Calculate l(x).
-1
Let k(h) = 11*h + 7. Let x(j) = 131*j + 396. Let i be x(-3). What is k(i)?
40
Let f(a) = -180*a + 2878. Let g be f(16). Let u(j) = 12*j**2 + 18*j - 6. Give u(g).
6
Let c(p) = p + 19. Let b(v) = 25. Let t(d) = 2*b(d) - 3*c(d). Suppose -3*u - 4*j = 23, 0 = u + j - 0*j + 7. Give t(u).
8
Let f(l) = -2*l + 2. Let o(u) = -10*u**2 - 23*u - 6. Let c(i) = -4*f(i) - o(i). Let v(a) = 3*a**2 + 10*a. Let w(s) = 2*c(s) - 7*v(s). Give w(-8).
-4
Let s = -674 + 679. Let t(q) = 8*q - 10. Give t(s).
30
Let q(r) = 10*r + 129. Let g(d) = -70*d - 945. Let c(t) = 2*g(t) + 15*q(t). Calculate c(-5).
-5
Let v(u) = 57*u**2 + 5*u + 47. Let z(m) = 71*m**2 + 7*m + 48. Let g(b) = -5*v(b) + 4*z(b). What is g(0)?
-43
Let d(f) = 8 - 6 + 53*f + 4 - 7. Suppose -2*n = 3*h - 5*h + 4, 2*n = 3*h - 7. Give d(n).
52
Let a(k) = 2*k**2 - 2*k - 1. Let x(r) = -39 + 20 + r**2 - 17*r + 21. Let w be x(17). Suppose -w*b + 0*b = 2, -2*s + 1 = -3*b. Determine a(s).
3
Let o(w) = w**3 - w**2 + 9. Let c be o(0). Let u = 3 - c. Let x(r) be the second derivative of -r**5/20 - 7*r**4/12 - 2*r**3/3 - 2*r**2 - 87*r. Calculate x(u).
-16
Let g(t) = -1 - 2 + 0 - 1411*t**2 + 1413*t**2 + t. Calculate g(-2).
3
Suppose 23*j - 22*j - 1 = 0. Let u(m) be the second derivative of 7*m**3/3 - m**2/2 - 20*m + 2. Calculate u(j).
13
Let a = 3400 - 3407. Let m(o) be the first derivative of -o**2/2 - 6*o + 14. Calculate m(a).
1
Let s be (-1 - 3)/(200/(-150)). Let r(m) = m + 23 - s + 0 - 6 + 19. Calculate r(-27).
6
Let h(d) = 142*d**2 + 245. Let q(k) = 15*k**2 + 27. Let r(v) = 2*h(v) - 19*q(v). What is r(8)?
-87
Let m(i) = 3*i - 11. Let r(d) = -d + 5. Suppose -20 = 4*c - 3*h - 2*h, 0 = -4*h. Let l(v) = c*r(v) - 2*m(v). Determine l(-3).
0
Let a(y) = -6 + 0 - y**2 + 10*y - 2*y. Suppose -4*h + 7*h + 162 = 0. Let p = -47 - h. Give a(p).
1
Let f be 13/(-195)*25*(4 - 1). Let o(x) = -x**3 - 5*x**2 + 4*x + 21. Give o(f).
1
Let i(p) = 4*p**2 + 3*p - 11. Let y(r) = -41*r + 2096. Let o be y(51). Give i(o).
104
Let p(t) = -t**3 - 3*t**2 + t + 3. Suppose 3*m + 2*m - 50 = 0. Let a be 4 - 25/m*4. Let n = a + 3. Give p(n).
0
Let i(s) = 10*s + 2. Suppose 5 = 97*t - 92. Calculate i(t).
12
Let g(p) be the second derivative of 7*p**3/2 + p. Suppose -122*h + 58 = -180*h. Give g(h).
-21
Let n = -5548 - -5534. Let g(p) = -p**2 - 17*p + 14. What is g(n)?
56
Suppose 0 = x - 5*t + 168, -5*t = 3*x - 5*x - 341. Let c = x - -170. Let s(r) be the second derivative of r**5/20 + r**4/4 + r**3/6 + r**2/2 + 2*r. Give s(c).
-2
Let w = 82 + -88. Let v(c) = -4227 + 2*c**2 - 4219 + 8458 - 5*c - 3*c**2 + 0*c**2. What is v(w)?
6
Let r(j) = -3*j**2 - 1614*j**3 + 4 + 3230*j**3 + 0*j**2 + 7*j + 0*j - 1617*j**3. Let p(f) = -6*f**2 - f. Let y be p(-1). Calculate r(y).
19
Suppose 10*v = 1481 - 745 - 746. Let r(s) = 2*s**2 - 8*s - 13. What is r(v)?
-3
Let n(b) = -b**3 + 34*b**2 + 74*b - 74. Let v be n(36). Let j(f) = -2*f**2 - f - 5. Let z(a) = a - 1. Let l(t) = -j(t) + 2*z(t). Calculate l(v).
5
Let q be ((-36)/21)/3*((-342)/(-36) + -13). Let h be (-3)/(2/(-4)*3). Let a(n) = n**3 + n - n**2 - 2*n**h + 0*n**3. What is a(q)?
-2
Let f(d) = -d + 13. Suppose -280 = -20*j - 15*j. Give f(j).
5
Let n(t) = t**2 - 3*t - 7. Let d(u) = -5*u**2 - 17*u + 164. Let o(c) = d(c) + 4*n(c). What is o(4)?
4
Let h(i) be the second derivative of -i**3/3 + 3*i**2/2 + 282*i. Calculate h(-10).
23
Let d(a) = -24*a + 35. Suppose -182*l + 1352 = 156*l. Determine d(l).
-61
Suppose 25 = 19*t - 20*t. Let p = 26 + t. Let u(g) = 6 + 7*g - p - 2*g - 4*g**2 - g**3 - g. What is u(-5)?
10
Let z = 1 - 1. Suppose -w = -z*w. Let y(m) = -16*m - 21*m + 7 - 21*m + 80*m - 21*m. Calculate y(w).
7
Let j be (-7 + 5)*90/(-12). Suppose 3*k + 20 = -3*n - 2*n, 8 = 3*k - 2*n. Suppose 0*w - 5*w - j = k. Let y(s) = -s**2 + s - 1. Give y(w).
-13
Let x(l) = 5*l - 4 + l - 6*l - l. Suppose 2*y + 96 - 6 = 0. Let r = -51 - y. Calculate x(r).
2
Let r(i) = -236*i**2 - 227*i**2 - 3*i + 6*i**3 - 224*i**2 + 3*i**3 + 2 + 688*i**2. What is r(1)?
9
Suppose 5*t - t = 8. Let h(f) = 6*f**2 - 5*f + 4. Let b be h(t). Let g = b - 14. Let o(d) = d + 1. What is o(g)?
5
Let o(a) = -a**3 + 2*a - 3. Let f = -63 + 53. Let d be -1 + (-2)/f - (-320)/400. Determine o(d).
-3
Let p(s) be the third derivative of -s**5/30 + 3*s**4/8 - 10*s**3/3 + 691*s**2 - 4. What is p(6)?
-38
Let j(v) = -v**2 - 20*v - 34. Let n = -5671 + 5652. What is j(n)?
-15
Let j be 2/(-8) - (5474/56)/(-23). Let g(a) = -7 + 3 + 50*a - 49*a. What is g(j)?
0
Let p(f) = 166 + 198 - 431 + 249 + 25*f - 8*f. What is p(-10)?
12
Let h(t) = 7*t**2 - 4*t + 5. Let s(n) = 6*n**2 - 5*n + 6. Suppose 3*z - 44 = -11. Suppose 0 = -11*b + z + 55. Let d(i) = b*s(i) - 5*h(i). Calculate d(8).
-5
Let f(g) = g - 1. Let s be f(3). Let p(u) be the first derivative of 2*u**2 - 2*u + 3689. Calculate p(s).
6
Let z(i) be the first derivative of i**4/2 + 4*i**3 - i**2/2 - 2*i - 28. Let k(g) = g**3 - 2*g**2 - 5*g - 6. Let m be k(0). Calculate z(m).
4
Let m(j) = -2*j + 144 + 128 - 528 + 159 + 147. Calculate m(12).
26
Suppose 14*a - 24 = 32. Let i(m) = -13*m**2 + 4*m**2 + 3*m**2 + 4 + 8*m**2 + a*m. What is i(-3)?
10
Suppose 201 = -313*u + 514. Let a(p) = -7*p + 7. What is a(u)?
0
Let i = -51 + 56. Suppose -2 - 3 = z - i*d, 0 = -3*z + 4*d + 7. Suppose 1 = -z*v + 3*h + 2, v + h = 5. Let b(o) = o**3 - 2*o**2 + o + 2. Give b(v).
4
Let x(z) = z**3 - 6*z**2 - 3*z + 4. Suppose 43*p - 2*p - 141 = -18. What is x(p)?
-32
Let h(b) be the third derivative of b**6/360 + b**5/120 + 37*b**3/2 + b**2 + 8*b. Let o(z) be the first derivative of h(z). Determine o(0).
0
Let v = -335 - -219. Let t be 8/(-6) + v/(-6). Suppose -25 = n - t. Let z(f) = -f**3 - 7*f**2 - 1. Calculate z(n).
-1
Let g = 1 - 1. Suppose g = p + 9 - 4. Let w(a) = a + 5*a**2 + 0 - 115 - 10 + a**3 + 129. Determine w(p).
-1
Let i be -2*3/4*1148/6. Let c = -295 - i. Let w(z) = z**2 + 7*z - 10. Determine w(c).
-2
Let v(k) = -k**2 + 10. Let b be v(0). Let a(n) = 5*n - 27. Let w be a(b). Let r(q) = 2 - 4 + 20*q + q**2 - w*q. Determine r(4).
2
Suppose 22*m + 987 = -119*m. Let z(f) = f - 6. Determine z(m).
-13
Let y = -1682 + 5047/3. Let c(o) be the third derivative of 1/24*o**4 + 0*o + 0 + 37*o**2 + y*o**3. Calculate c(4).
6
Let v(p) = p**3 - p**2 + 2*p - 12. Let m = 1253 - 1253. What is v(m)?
-12
Let n(k) be the third derivative of k**7/2520 - k**6/90 + 5*k**4/6 + k**3/3 + 124*k**2. Let r(u) be the second derivative of n(u). Determine r(6).
-12
Let i(f) = f**3 + 115*f**2 - 479*f - 2. Let n be i(4). Let m(j) = j**2 + 13